 + -6).
2
Evaluate 3 + -3 + (1 - 0) + -1.
0
(-34 - -30) + (0 - -6)
2
What is the value of (-2 - (-2 - -7)) + 2 + 1?
-4
What is the value of 5 - (-4 + 3 - -3) - 6?
-3
Evaluate -5 - (4 + -10) - (1 + -3).
3
Calculate -25 + (9 - 8) - -14.
-10
Calculate (-2 - -5) + (3 + 3 - 4).
5
-7 + (4 - -1 - 0)
-2
What is -21 + 19 - (-1 + 1)?
-2
Evaluate -2 + (-14 + 12 - 1).
-5
What is 1 + 3 - (0 + 5 + -2)?
1
-3 + -2 - (-6 - -6)
-5
Calculate 5 + -8 + (6 - 2) + -2.
-1
What is the value of 3 + (-11 - (0 + 1)) + 5?
-4
What is 2 - (-1 - (-3 - 4))?
-4
What is (-6 - -13) + -21 - -8?
-6
-6 + (5 - 3) + 4 + 2
2
Calculate (-1 - -6) + (5 - 12) + 5.
3
What is the value of -4 - (0 + -3) - -6?
5
What is -3 + 1 + (7 - 14)?
-9
What is -15 - (-3 + 9 + -14)?
-7
Calculate -3 + 0 + -4 + 2.
-5
Evaluate -2 - -4 - -5 - 4.
3
Calculate 18 + -22 - (-2 + -4).
2
Calculate (1 - -2) + -5 + 0.
-2
-3 + (5 + -2 - 1)
-1
Evaluate (-7 - (-15 + 8)) + -2.
-2
What is the value of (7 - (2 - (2 - 3))) + -3?
1
Evaluate 8 + (-8 - 2) + 3.
1
Evaluate 3 + 1 - (-66 + 81).
-11
0 + -2 + (3 - -1) + -4
-2
Evaluate -2 + 4 + (3 - 1) + -3.
1
Calculate 4 - (5 + 4 + (6 - 8)).
-3
Evaluate -3 - (5 + -5 + -5).
2
Evaluate -5 - (-8 + 12 + -7 + 1).
-3
1 + 3 + 2 + (-11 - -9)
4
Calculate 3 - (-2 - -2 - 1).
4
What is -1 + (2 - -1) - (-14 + 11)?
5
What is -2 + 4 - (15 + -9 + 1)?
-5
What is the value of -10 + 1 + 2 - (-33 - -30)?
-4
Evaluate (9 + -3 - 4) + -5.
-3
What is (4 - -5) + -5 + 1?
5
What is -3 + 2 - (-66 + 59)?
6
What is -2 + -12 - 0 - -10?
-4
0 + -2 + (-1 + 1 - -1)
-1
What is (0 - (-9 - 0)) + 371 + -375?
5
-13 + 6 - (-3 - 6)
2
What is the value of -2 - -1 - (-3 + -2 - -9)?
-5
What is the value of -15 + 13 - (-1 - (2 - 1))?
0
(-1 - -3) + (-2 + -1 - -1)
0
What is the value of (7 - 2) + 2 - (7 + -5)?
5
What is the value of (2 - (4 + 4)) + (6 - 8)?
-8
Evaluate (5 - 12) + 1 + 5 + 3.
2
Evaluate (-3 + 3 - 3) + (-5 - -8).
0
What is 1 - (2 + 1 + -2) - 5?
-5
Calculate -1 - -2 - (4 + -8 + 7).
-2
Evaluate -1 - -2 - (30 + -33).
4
12 + -4 - (2 + 2 - 1)
5
(9 - 5) + (-9 - -4)
-1
Calculate 7 + -12 + (1 - 1) + 2.
-3
(8 - (2 - -1)) + -1 + -2
2
-2 + 2 + 8 + (-2 - 1)
5
1 - (4 - (10 - 6))
1
-3 - (-4 - -4) - (-5 + 0)
2
What is (2 - 4) + 4 - (30 - 29)?
1
1 - (3 - (-3 - (1 + -6)))
0
What is -6 + -5 + 5 + -1?
-7
(11 - 1) + -3 - (7 - 5)
5
Calculate (6 + 6 - 10) + -1.
1
Calculate 1 + -7 - (40 + -52).
6
Evaluate (13 - 9) + (-1 - 2) + 0.
1
0 + -7 + 3 - (-4 - -4)
-4
Calculate 8 + (-1 - -2 - 8).
1
What is the value of -18 - (2 + -11 + -1)?
-8
Evaluate -18 - (-14 - (-6 - -13 - 13)).
-10
Calculate -6 + 9 - (6 - 4).
1
-10 - (6 - (11 + 1))
-4
-1 + 2 + (3 - 7)
-3
(2 - 4) + 1 + 6 - 2
3
Evaluate -1 - 0 - -4 - 0.
3
Calculate 0 - (8 - (-1 - -3) - 3).
-3
What is -10 + (2 + 11 - 12)?
-9
What is the value of -14 + 9 + (-3 - -1) + 5?
-2
Calculate 3 + (-4 + 4 - -2).
5
Evaluate -2 - (-2 - -2) - (-22 + 17).
3
What is the value of -2 + -2 - (2 + (-1 - 4))?
-1
Calculate 0 - (1 - -8) - -8.
-1
Evaluate (6 + -2 + -2 - 0) + -1.
1
(-2 - -3) + 15 + -12
4
What is -10 + 9 + 2 - -6?
7
Calculate 3 + -9 + 1 + 2 + 3.
0
What is -2 - (-2 + 5) - -4?
-1
3 + (-3 + 2 - -3)
5
Evaluate (-2 - -7 - (-5 - -4)) + -7.
-1
What is 4 - (-4 - -4 - -4)?
0
What is the value of 2 + -1 + 3 - (4 + -2)?
2
Calculate 4 + (-8 - (-2 - -2)).
-4
(3 - -2) + (-4 - -4) - 11
-6
Calculate -2 + (7 - ((1 - 8) + 5)).
7
(0 - -3) + -2 + 4
5
(-1 - 0) + -4 + 6
1
Evaluate 51 - 51 - (1 - -7).
-8
What is the value of (2 - -1 - (14 - 4)) + 3?
-4
(-2 - 3) + (4 - 5) + 6
0
Evaluate -3 + 7 + (-5 - (9 - 2)).
-8
What is 2 - (8 - (2 - -6))?
2
Evaluate (13 - (-4 + 6)) + -6.
5
2 + 2 - (9 - 4)
-1
Evaluate -4 + 2 + (-4 - -5).
-1
Evaluate -3 + 4 - (-5 - (-3 + -1)).
2
What is 4 + (4 - 4) + -5?
-1
Calculate -5 + 4 + -2 + (8 - 3).
2
What is 0 + -3 - (-220 - -218)?
-1
8 - ((10 - 5) + 7)
-4
-8 + -2 + 9 + -5
-6
What is the value of -32 - -48 - (0 + 11)?
5
-3 + -4 + (5 - 2) + -2
-6
Evaluate -4 + (0 - -2 - 2).
-4
What is 4 + (-4 - -1) + -4?
-3
What is 1 - 2 - 0 - (66 + -63)?
-4
What is 2 + -3 + 1 - -4?
4
Evaluate (1 + 6 - 12) + 0 + 0.
-5
(2 - 0) + 2 + 1
5
(5 - 4) + 8 + -7
2
What is the value of (1 - 1) + (-15 - (-37 - -18))?
4
Calculate (8 - -1 - 14) + 4.
-1
Evaluate -1 + (0 - -2 - (-5 + 5)).
1
-1 + (-6 + 3 + 6 - 7)
-5
What is 0 + (5 - (5 + 2 + -3))?
1
Calculate (2 + (14 - 7) - 0) + -3.
6
(1 - (-4 + 11)) + 2
-4
What is 0 - (-8 + 3 + 3) - -4?
6
Calculate 4 - (5 - (-1 + 1 + 2)).
1
What is -2 - (2 + -4 - -1)?
-1
Evaluate -3 + -7 + 6 + 11.
7
What is -7 - (-7 - -7) - -3 - -10?
6
What is 10 - (3 + -4 + 5)?
6
Evaluate 4 - (-1 - -3) - (14 + -10).
-2
What is 3 + -7 + 0 - -2?
-2
Evaluate 1 + 3 + (-23 - (-38 + 19)).
0
Evaluate -7 + (1 - 0) + 5.
-1
(-2 - ((8 - 3) + -8)) + -10
-9
Evaluate (5 - 4) + (-4 - 1) + 4.
0
Evaluate 3 - (0 - (-4 - -6)).
5
2 - (-4 + 6 - -1)
-1
What is (-14 - -8 - -6) + -7?
-7
What is -9 + -2 + 2 + 6?
-3
Calculate 1 + -7 + 5 + (-16 - -10).
-7
Calculate 4 + -1 + (-7 - -6) - 1.
1
Evaluate 125 - 121 - (0 - 2).
6
What is the value of 12 + 1 - (9 - 15) - 8?
11
What is -1 - (3 - -1) - (1 + -1)?
-5
What is (7 - 4) + 1 + 3 + -2?
5
(-4 + 4 + -2 - -5) + -1
2
What is the value of -4 - ((-1 - 2) + -1 + 2)?
-2
(-3 - -9 - -1) + -2
5
What is (-3 - (0 + -8)) + -5?
0
Evaluate 1 + -3 + (-2 - 1).
-5
Calculate 0 + (1 - (0 + 2)).
-1
What is (-1 - 2) + -95 + 88?
-10
(-3 + 16 - 8) + -7
-2
-2 + 0 + 5 + -10 + 3
-4
Evaluate (0 - 6) + (-122 - -122).
-6
What is -1 - -3 - (4 + -1 - 5)?
4
What is -13 - (-10 - ((-6 - -7) + -5))?
-7
What is 0 + -7 - ((2 - -1) + -6)?
-4
Calculate 9 - (19 + -11) - 3.
-2
19 - 27 - (3 - (7 + 3))
-1
What is -4 + 1 + -4 + 2?
-5
(6 - (9 - 7)) + -6
-2
-2 + -1 - (5 - (-2 - -7))
-3
What is 6 + -5 + (4 - 12)?
-7
What is 7 + (-17 - -7) + -3?
-6
What is 1 + 12 + 4 + -10?
7
What is the value of 19 - (-15 - -20) - 9?
5
What is the value of 7 - ((-2 - 2) + 4)?
7
What is the value of 6 + 12 + (-2 - 7)?
9
What is the value of -131 - -140 - (1 + 11)?
-3
Evaluate (-23 - -7) + 7 - -10.
1
What is the value of -13 + 18 - (-2 + (-4 - -16))?
-5
What is -10 + (1 - (6 + -5 + -9))?
-1
What is (-2 + 3 - 0) + 0 + 3?
4
1 - 4 - -5 - 4
-2
What is 3 - (-6 + -5 - -9)?
5
What is (-5 - 0) + (9 - 14 - -7)?
-3
Evaluate 1 - (-7 - -11) - (0 + 0).
-3
(5 - 8) + 0 + -2
-5
What is 6 - 0 - -2 - 4 - 1?
3
Evaluate (12 - (-1 - -2) - 5) + -3.
3
What is 5 + -7 + 10 + -2?
6
What is (0 - (-3 - -1) - 1) + -2?
-1
(-4 - 2) + (-1 + 2 - -2)
-3
What is the value of (19 - 5) + -7 + 1 + 0?
8
What is the value of 6 - (4 + -3 + 3)?
2
Calculate 6 + 0 + -1 + (45 - 44).
6
What is (2 + -2 + 2 - 4) + -2?
-4
What is the value of 0 - (-7 + 2 + 4)?
1
Calculate 3 + -1 + 3 - (-30 - -32).
3
-8 + -7 + 10 + (1 - 3)
-7
What is the value of 1 - (2 + 3 - 1)?
-3
Evaluate 12 + 0 + 3 + -14.
1
2 + (-6 - (1 - 4)) - 3
-4
Evaluate 10 + 6 + -10 + 0.
6
What is -7 - -5 - (-5 + 2) - 3?
-2
Evaluate -2 + -2 + (-3 - -4) + 3.
0
Calculate -6 + 4 + -1 + -2 - 3.
-8
What is the value of (-8 - -11 - (0 + 1)) + -1?
1
Calculate 4 - ((-3 + 4 - 0) + 2).
1
-8 + 7 - 4 - (-2 - 6)
3
Calculate -2 + 0 - (127 - 130).
1
What is 6 - 6 - ((-2 - -2) + -6)?
6
-31 + 36 - (1 - -11) - -6
-1
11 + (2 - 2) + 0 + -3
8
-8 + 7 + (-1 - 1 - -2)
-1
Calculate -2 - (-4 - (3 - 0 - 4)).
1
Evaluate -2 + (2 - -3) + -4.
-1
11 - (12 - (10 + -16))
-7
(-4 - (4 - 4)) + 2 + 6
4
What is 11 + -12 + 1 + 4 - 2?
2
What is (3 - 1) + 15 + -15 + 4?
6
2 - -1 - (11 - 11)
3
Evaluate 7 + 4 + (-3 - (-2 - -6)).
4
What is (0 - (-2 - -5)) + 10 + -2?
5
What is the value of (-7 - -5) + -2 + 2 + -1?
-3
Evaluate 5 - -1 - (29 - 27).
4
What is the value of -4 + (0 - -7) + -5?
-2
What is (-3 - (3 - 10)) + -3 + 1?
2
Evaluate -5 - ((-3 - (-4 + 3)) + -3).
0
What is the value of -10 + (-7 - (-13 - (-2 + -1)))?
-7
Calculate 9 - 11 - (1 + -2).
-1
Evaluate -4 + (0 - (-3 + 6 - 13)).
6
Calculate (3 - 6) + 8 - -1.
6
What is the value of (-4 - -2) + -2 + -1?
-5
Evaluate 5 - (2 + 0 + -3).
6
Evaluate -1 + 23 + -29 + 1 + 1.
-5
Evaluate -9 - ((11 - 7 - 2) + -8).
-3
What is -1 + -5 + 16 + -13?
-3
Evaluate -20 + 16 - (-3 + 0).
-1
What is the value of 1 + (-3 - 0) + 7?
5
4 + (4 - (4 + -1) - 0)
5
Calculate 5 - (-4 + 2) - (165 - 156).
-2
What is the value of 4 + -8 + 3 - -6?
5
Calculate 4 - ((14 - 4) + -10).
4
59 + -61 - (1 + -4) - 4
-3
-3 - 1 - (0 - 6)
2
Calculate -8 - ((0 - 3) + -8).
3
Evaluate -3 + -5 